?
True
Is 35874346693 a composite number?
False
Is 7326611893 composite?
False
Is 53980987861 a prime number?
False
Is 5526268823 composite?
True
Is 12462718087 composite?
False
Is 307649791 prime?
True
Is 437578203 a prime number?
False
Is 29634651479 a composite number?
True
Is 31033157237 a prime number?
False
Is 1998029951 prime?
False
Is 15930523835 composite?
True
Is 865476151 prime?
True
Is 692277551 composite?
True
Is 14562530033 composite?
False
Is 1780534001 prime?
True
Is 45671154227 a prime number?
False
Is 89458059643 composite?
False
Is 12890100127 a prime number?
False
Is 264944989 a composite number?
False
Is 4347515881 prime?
True
Is 2059784603 a prime number?
False
Is 2401057153 prime?
False
Is 4313303723 a prime number?
False
Is 326199241 a prime number?
True
Is 10325945471 composite?
True
Is 909443719 prime?
True
Is 10268727701 a prime number?
False
Is 373572937 a composite number?
False
Is 580016543 composite?
False
Is 4537765313 a composite number?
True
Is 203002879 composite?
True
Is 667549583 composite?
False
Is 180856601 prime?
False
Is 56158828529 composite?
False
Is 20227840187 a prime number?
True
Is 674881357 a composite number?
False
Is 1224055919 prime?
False
Is 16468250077 composite?
False
Is 229053133 prime?
True
Is 51126351909 prime?
False
Is 18840104277 composite?
True
Is 4123282103 a prime number?
False
Is 90102423965 composite?
True
Is 13271282071 a composite number?
False
Is 14172720151 prime?
False
Is 33858014989 a composite number?
False
Is 979751323 a prime number?
False
Is 8307119729 a prime number?
True
Is 283820773 prime?
True
Is 178638451 a composite number?
False
Is 2731249561 a composite number?
False
Is 32761668883 a composite number?
True
Is 16523369597 a prime number?
False
Is 8281553321 a composite number?
False
Is 496397866 a composite number?
True
Is 382637719 a composite number?
True
Is 305939317 a prime number?
False
Is 31603508897 prime?
False
Is 24593283629 a prime number?
True
Is 34726273 a prime number?
True
Is 50590260451 composite?
False
Is 4481473319 composite?
False
Is 76212005593 prime?
True
Is 2682718453 prime?
True
Is 577121291 composite?
False
Is 90425399 composite?
False
Is 502843609 prime?
True
Is 13064499551 prime?
False
Is 57264043633 a prime number?
False
Is 844460863 a prime number?
False
Is 223095156901 composite?
False
Is 73927657 a prime number?
False
Is 1183922009 a prime number?
False
Is 47158548443 prime?
True
Is 279071450967 composite?
True
Is 952267741 a prime number?
True
Is 72057036377 prime?
True
Is 4840589197 a composite number?
True
Is 361917739 a composite number?
True
Is 45886326461 prime?
True
Is 9911785931 prime?
True
Is 72037199791 prime?
False
Is 518822729 composite?
True
Is 7864272883 a prime number?
True
Is 6543405458 a composite number?
True
Is 111224629 a composite number?
False
Is 777628469 a composite number?
True
Is 559006343 a prime number?
False
Is 416884357 composite?
True
Is 10446503413 a prime number?
True
Is 8312725405 prime?
False
Is 19587419167 prime?
False
Is 10405410203 a composite number?
True
Is 307027993 a composite number?
True
Is 124672361 prime?
False
Is 22444755989 prime?
False
Is 203366561 a composite number?
False
Is 13839119809 composite?
True
Is 19551748379 prime?
True
Is 54041143 a composite number?
True
Is 13844751199 composite?
False
Is 888214763 a prime number?
True
Is 25017419951 prime?
True
Is 2596208149 a prime number?
True
Is 42459355157 a prime number?
False
Is 15880846802 a composite number?
True
Is 795216451 a composite number?
False
Is 706014571 a composite number?
False
Is 597924263 composite?
True
Is 1943724091 composite?
False
Is 115648261851 a prime number?
False
Is 23684654447 a prime number?
True
Is 1368313189 a prime number?
True
Is 126595721 a composite number?
True
Is 19608883493 prime?
True
Is 2525550179 composite?
True
Is 8114421671 prime?
False
Is 3271800043 composite?
False
Is 1701929329 prime?
True
Is 98959037 a prime number?
False
Is 52908492151 composite?
True
Is 358118993 composite?
True
Is 3366339241 prime?
True
Is 26088465979 a composite number?
False
Is 347490061 a composite number?
False
Is 240394720229 composite?
False
Is 204674860327 a prime number?
False
Is 14103899 prime?
False
Is 11827933031 prime?
True
Is 1991993273 a composite number?
False
Is 253502068211 a prime number?
False
Is 26511761711 composite?
False
Is 116477345279 prime?
True
Is 435823837 a composite number?
True
Is 396253601 a composite number?
False
Is 3939932333 a prime number?
True
Is 7185807571 prime?
False
Is 92160329 a prime number?
True
Is 1961610307 composite?
False
Is 438042133 composite?
False
Is 1262030419 prime?
False
Is 9185910727 a prime number?
False
Is 8038596613 a composite number?
False
Is 3256550783 prime?
True
Is 29425197589 a prime number?
True
Is 4152400181 composite?
False
Is 57615782921 composite?
False
Is 1505266361 prime?
True
Is 475445431 composite?
False
Is 2538049366 a prime number?
False
Is 11891136469 prime?
False
Is 5690676097 a prime number?
True
Is 667743611 composite?
True
Is 118516843 composite?
True
Is 1598025529 composite?
False
Is 8467208129 a composite number?
False
Is 1687660477 composite?
False
Is 49944194837 composite?
False
Is 991710157 a prime number?
True
Is 1019063303 a prime number?
False
Is 654585587 prime?
False
Is 94476128743 a prime number?
False
Is 617921167 a composite number?
True
Is 50809631 a prime number?
True
Is 4033418699 prime?
True
Is 1609724833 prime?
True
Is 383917087 a composite number?
True
Is 1376187521 a composite number?
True
Is 134384098181 a composite number?
True
Is 61699469203 composite?
True
Is 92433340135 composite?
True
Is 772699451 a prime number?
False
Is 5628551 a prime number?
False
Is 605805911 a composite number?
True
Is 340175203 a prime number?
True
Is 1148873233 prime?
True
Is 725747521 a prime number?
True
Is 4112919779 prime?
False
Is 4752041743 composite?
False
Is 10131982291 a composite number?
False
Is 741691387 prime?
False
Is 5170437485 a composite number?
True
Is 38741059771 a composite number?
True
Is 5756355979 a composite number?
True
Is 1315526209 a composite number?
True
Is 39756226717 prime?
True
Is 221945618051 prime?
False
Is 7604473157 prime?
True
Is 5414906731 a composite number?
True
Is 448213921 prime?
True
Is 99567269 a composite number?
False
Is 1524484387 prime?
False
Is 11539033657 a composite number?
False
Is 3565820747 a prime number?
True
Is 7311493211 a composite number?
True
Is 24421826609 composite?
False
Is 26589579383 composite?
True
Is 46028644393 composite?
False
Is 59646630677 prime?
False
Is 5473917211 composite?
True
Is 2750582651 composite?
False
Is 5630538365 composite?
True
Is 2186259821 a composite number?
False
Is 37702494281 a composite number?
False
Is 13477322245 composite?
True
Is 960502489 a composite number?
True
Is 257709709 a composite number?
False
Is 137405370967 a composite number?
False
Is 412937597 a composite number?
False
Is 3173591959 prime?
True
Is 25752768841 composite?
False
Is 12524843801 a prime number?
True
Is 84630289 a composite number?
True
Is 36767200133 composite?
False
Is 20043272923 prime?
False
Is 15950433677 prime?
True
Is 116870063 a prime number?
False
Is 217113731 a prime number?
True
Is 18666784913 a composite number?
True
Is 115791617 a prime number?
True
Is 28772652829 a composite number?
False
Is 1407447589 composite?
False
Is 688319917 composite?
True
Is 4864069813 composite?
True
Is 130736060969 a prime number?
False
Is 10200328139 composite?
False
Is 9348298207 composite?
False
Is 295598729 a composite number?
False
Is 8051497681 a composite number?
False
Is 274911081 prime?
False
Is 2677452083 a composite number?
False
Is 23441224721 prime?
True
Is 38006782973 prime?
True
Is 1738831231 a composite number?
True
Is 5182437409 a composite number?
True
Is 245892571 a composite number?
True
Is 2380605967 a composite number?
False
Is 885466651 composite?
False
Is 107122919 prime?
False
Is 19857775309 a prime number?
False
Is 136429849 prime?
True
Is 1968641401 composite?
False
Is 70106258399 prime?
False
Is 10669033147 a prime number?
False
Is 49280822119 a prime number?
False
Is 109581714967 prime?
True
Is 111646783 composite?
False
Is 1343157713 a composite 